{"id":616,"date":"2026-05-05T01:55:55","date_gmt":"2026-05-04T23:55:55","guid":{"rendered":"http:\/\/dissenyweb.gddtec.udl.cat\/2026-web1\/?page_id=616"},"modified":"2026-05-05T21:32:10","modified_gmt":"2026-05-05T19:32:10","slug":"faq","status":"publish","type":"page","link":"http:\/\/dissenyweb.gddtec.udl.cat\/2026-web1\/faq\/","title":{"rendered":"FAQ"},"content":{"rendered":"\n<div class=\"faq-page\">\n<button class=\"btn-back\" aria-label=\"Volver atr\u00e1s\">\n  <span aria-hidden=\"true\">\u21a9<\/span>\n<\/button>\n<button class=\"btn-scroll\" aria-label=\"Ir al final de la p\u00e1gina\">\n  <span aria-hidden=\"true\">\u2193<\/span>\n<\/button>\n  <h1 class=\"faq-title\">FAQ<\/h1>\n\n  <div class=\"faq-container\">\n\n    <details class=\"faq-item\">\n      <summary class=\"faq-question\">\u00bfQu\u00e9 es Pixelarium?<\/summary>\n      <div class=\"faq-answer\">\n        Pixelarium es un museo digital que permite explorar exposiciones de arte contempor\u00e1neo, dise\u00f1o gr\u00e1fico y arte en 3D desde cualquier lugar.\n      <\/div>\n    <\/details>\n\n    <details class=\"faq-item\">\n      <summary class=\"faq-question\">\u00bfEs necesario registrarse?<\/summary>\n      <div class=\"faq-answer\">\n        No, el acceso es libre. Algunas funciones futuras podr\u00edan requerir registro.\n      <\/div>\n    <\/details>\n\n    <details class=\"faq-item\">\n      <summary class=\"faq-question\">\u00bfQu\u00e9 tipo de obras hay?<\/summary>\n      <div class=\"faq-answer\">\n        Obras de dise\u00f1o gr\u00e1fico, ilustraci\u00f3n digital y arte 3D.\n      <\/div>\n    <\/details>\n\n    <details class=\"faq-item\">\n      <summary class=\"faq-question\">\u00bfEs gratuito?<\/summary>\n      <div class=\"faq-answer\">\n        S\u00ed, la experiencia es completamente gratuita.\n      <\/div>\n    <\/details>\n\n    <details class=\"faq-item\">\n      <summary class=\"faq-question\">\u00bfDesde qu\u00e9 dispositivos puedo acceder?<\/summary>\n      <div class=\"faq-answer\">\n        Desde ordenador, tablet o m\u00f3vil.\n      <\/div>\n    <\/details>\n\n    <details class=\"faq-item\">\n      <summary class=\"faq-question\">\u00bfLas exposiciones cambian?<\/summary>\n      <div class=\"faq-answer\">\n        S\u00ed, se actualizan peri\u00f3dicamente.\n      <\/div>\n    <\/details>\n\n    <details class=\"faq-item\">\n      <summary class=\"faq-question\">\u00bfLas obras son reales?<\/summary>\n      <div class=\"faq-answer\">\n        Pueden ser de artistas digitales o creadas para el museo.\n      <\/div>\n    <\/details>\n\n    <details class=\"faq-item\">\n      <summary class=\"faq-question\">\u00bfPuedo contactar?<\/summary>\n      <div class=\"faq-answer\">\n        S\u00ed, desde la p\u00e1gina de contacto.\n      <\/div>\n    <\/details>\n\n  <\/div>\n\n<\/div>\n","protected":false},"excerpt":{"rendered":"<p>\u21a9 \u2193 FAQ \u00bfQu\u00e9 es Pixelarium? Pixelarium es un museo digital que permite explorar exposiciones de arte contempor\u00e1neo, dise\u00f1o gr\u00e1fico y arte en 3D desde cualquier lugar. \u00bfEs necesario registrarse? No, el acceso es libre. Algunas funciones futuras podr\u00edan requerir registro. \u00bfQu\u00e9 tipo de obras hay? Obras de dise\u00f1o gr\u00e1fico, ilustraci\u00f3n digital y arte 3D. [&hellip;]<\/p>\n","protected":false},"author":206,"featured_media":0,"parent":0,"menu_order":0,"comment_status":"closed","ping_status":"closed","template":"","meta":{"_acf_changed":false,"_uag_custom_page_level_css":"","footnotes":""},"class_list":["post-616","page","type-page","status-publish","hentry"],"acf":[],"mb":[],"uagb_featured_image_src":{"full":false,"thumbnail":false,"medium":false,"medium_large":false,"large":false,"1536x1536":false,"2048x2048":false},"uagb_author_info":{"display_name":"2026-web1","author_link":"http:\/\/dissenyweb.gddtec.udl.cat\/2026-web1\/author\/2026-web1\/"},"uagb_comment_info":0,"uagb_excerpt":"\u21a9 \u2193 FAQ \u00bfQu\u00e9 es Pixelarium? Pixelarium es un museo digital que permite explorar exposiciones de arte contempor\u00e1neo, dise\u00f1o gr\u00e1fico y arte en 3D desde cualquier lugar. \u00bfEs necesario registrarse? No, el acceso es libre. Algunas funciones futuras podr\u00edan requerir registro. \u00bfQu\u00e9 tipo de obras hay? Obras de dise\u00f1o gr\u00e1fico, ilustraci\u00f3n digital y arte 3D.&hellip;","mfb_rest_fields":["title","uagb_featured_image_src","uagb_author_info","uagb_comment_info","uagb_excerpt"],"_links":{"self":[{"href":"http:\/\/dissenyweb.gddtec.udl.cat\/2026-web1\/wp-json\/wp\/v2\/pages\/616","targetHints":{"allow":["GET"]}}],"collection":[{"href":"http:\/\/dissenyweb.gddtec.udl.cat\/2026-web1\/wp-json\/wp\/v2\/pages"}],"about":[{"href":"http:\/\/dissenyweb.gddtec.udl.cat\/2026-web1\/wp-json\/wp\/v2\/types\/page"}],"author":[{"embeddable":true,"href":"http:\/\/dissenyweb.gddtec.udl.cat\/2026-web1\/wp-json\/wp\/v2\/users\/206"}],"replies":[{"embeddable":true,"href":"http:\/\/dissenyweb.gddtec.udl.cat\/2026-web1\/wp-json\/wp\/v2\/comments?post=616"}],"version-history":[{"count":8,"href":"http:\/\/dissenyweb.gddtec.udl.cat\/2026-web1\/wp-json\/wp\/v2\/pages\/616\/revisions"}],"predecessor-version":[{"id":660,"href":"http:\/\/dissenyweb.gddtec.udl.cat\/2026-web1\/wp-json\/wp\/v2\/pages\/616\/revisions\/660"}],"wp:attachment":[{"href":"http:\/\/dissenyweb.gddtec.udl.cat\/2026-web1\/wp-json\/wp\/v2\/media?parent=616"}],"curies":[{"name":"wp","href":"https:\/\/api.w.org\/{rel}","templated":true}]}}