{"id":16,"date":"2026-04-07T12:39:00","date_gmt":"2026-04-07T10:39:00","guid":{"rendered":"http:\/\/dissenyweb.gddtec.udl.cat\/2026-web1\/?page_id=16"},"modified":"2026-05-05T21:48:05","modified_gmt":"2026-05-05T19:48:05","slug":"sala-p","status":"publish","type":"page","link":"http:\/\/dissenyweb.gddtec.udl.cat\/2026-web1\/sala-p\/","title":{"rendered":"Sala P"},"content":{"rendered":"\n<div class=\"contenedor sala-p\">\n<button class=\"btn-back\" aria-label=\"Volver atr\u00e1s\">\n  <span aria-hidden=\"true\">\u21a9<\/span>\n<\/button>\n<button class=\"btn-scroll\" aria-label=\"Ir al final de la p\u00e1gina\">\n  <span aria-hidden=\"true\">\u2193<\/span>\n<\/button>\n  <h1 class=\"visually-hidden\">Sala P \u2013 Exposici\u00f3n de arte digital<\/h1>\n\n  <!-- FONDO -->\n  <img decoding=\"async\" class=\"fondo\" src=\"http:\/\/dissenyweb.gddtec.udl.cat\/2026-web1\/wp-content\/uploads\/sites\/85\/2026\/05\/sala-p-1.png\" alt=\"Vista de la sala P con obras digitales expuestas\">\n\n  <!-- ZONAS INTERACTIVAS -->\n  <nav aria-label=\"Obras de la sala P\">\n\n    <button class=\"item-h item-h1\" aria-controls=\"modal-obra1-p\" aria-label=\"Ver informaci\u00f3n de la obra 'Retrato'\">\n    <\/button>\n\n    <button class=\"item-h item-h2\" aria-controls=\"modal-obra2-p\" aria-label=\"Ver informaci\u00f3n de la obra de Arte Digital\">\n    <\/button>\n\n    <button class=\"busto\" aria-controls=\"modal-busto-p\" aria-label=\"Ver busto del artista en 3D\">\n    <\/button>\n\n    <button class=\"nombre-artista\" aria-controls=\"modal-artista-p\" aria-label=\"Ver informaci\u00f3n del artista\">\n    <\/button>\n\n  <\/nav>\n\n  <!-- \ud83d\udd25 BOT\u00d3N MAPA -->\n<button class=\"btn-mapa\" aria-controls=\"modal-mapa\" aria-label=\"Abrir mapa del museo\">\n  <img decoding=\"async\" src=\"http:\/\/dissenyweb.gddtec.udl.cat\/2026-web1\/wp-content\/uploads\/sites\/85\/2026\/05\/chincheta_1.png\" alt=\"Mapa\">\n<\/button>\n<\/div>\n\n<!-- ========================= -->\n<!-- \ud83d\udd25 MODAL MAPA -->\n<!-- ========================= -->\n\n<div id=\"modal-mapa\" class=\"modal-mapa\" role=\"dialog\" aria-labelledby=\"titulo-mapa\">\n\n  <div class=\"mapa-card\">\n\n    <!-- CERRAR -->\n    <button class=\"cerrar-mapa\" aria-label=\"Cerrar mapa\">\u2715<\/button>\n\n    <h2 id=\"titulo-mapa\" class=\"visually-hidden\">\n      Mapa del museo\n    <\/h2>\n\n    <div class=\"mapa-wrapper\">\n\n      <!-- IMAGEN MAPA -->\n      <img decoding=\"async\" src=\"http:\/\/dissenyweb.gddtec.udl.cat\/2026-web1\/wp-content\/uploads\/sites\/85\/2026\/05\/MAPA.png\" alt=\"Mapa del museo con todas las salas\" class=\"mapa-img\">\n\n      <!-- \u26ab PUNTOS SALAS -->\n      <a href=\"http:\/\/dissenyweb.gddtec.udl.cat\/2026-web1\/\" class=\"punto punto-home\" aria-label=\"Ir a la p\u00e1gina inicial\"><\/a>\n      <span class=\"label-home\">HOME<\/span>\n      <a href=\"http:\/\/dissenyweb.gddtec.udl.cat\/2026-web1\/sala-h\/\" class=\"punto punto-h\" aria-label=\"Ir a sala H\"><\/a>\n      <a href=\"http:\/\/dissenyweb.gddtec.udl.cat\/2026-web1\/sala-p\/\" class=\"punto punto-p\" aria-label=\"Ir a sala P\"><\/a>\n      <a href=\"http:\/\/dissenyweb.gddtec.udl.cat\/2026-web1\/sala-y\/\" class=\"punto punto-y\" aria-label=\"Ir a sala Y\"><\/a>\n      <a href=\"http:\/\/dissenyweb.gddtec.udl.cat\/2026-web1\/sala-g\/\" class=\"punto punto-g\" aria-label=\"Ir a sala G\"><\/a>\n      <a href=\"http:\/\/dissenyweb.gddtec.udl.cat\/2026-web1\/subasta\/\" class=\"punto punto-s\" aria-label=\"Ir a sala S\"><\/a>\n\n    <\/div>\n\n  <\/div>\n\n<\/div>\n<!-- ========================= -->\n<!-- MODAL OBRA 1 -->\n<!-- ========================= -->\n<div id=\"modal-obra1-p\" class=\"modal modal-obra\" role=\"dialog\" aria-labelledby=\"titulo-obra1-p\">\n\n  <div class=\"modal-contenido\">\n\n    <button class=\"cerrar\" aria-label=\"Cerrar ventana\">&times;<\/button>\n\n    <div class=\"modal-body\">\n\n      <div class=\"modal-texto\">\n        <h2 id=\"titulo-obra1-p\">RETRATO<\/h2>\n\n        <p>\nUn retrato que invita a la contemplaci\u00f3n y la introspecci\u00f3n. La mirada de la figura establece una conexi\u00f3n inmediata con el espectador, mientras los contrastes de color y el trazo visible revelan la sensibilidad del proceso art\u00edstico.\nLa obra se sostiene en la ambig\u00fcedad emocional, dejando espacio para m\u00faltiples interpretaciones y convirtiendo el silencio en su principal lenguaje.\n        <\/p>\n      <\/div>\n\n      <img decoding=\"async\" src=\"http:\/\/dissenyweb.gddtec.udl.cat\/2026-web1\/wp-content\/uploads\/sites\/85\/2026\/05\/ChatGPT-Image-18-feb-2026-11_48_12-2-1.png\" alt=\"Imagen del retrato\">\n\n    <\/div>\n\n  <\/div>\n<\/div>\n\n<!-- ========================= -->\n<!-- MODAL OBRA 2 -->\n<!-- ========================= -->\n<div id=\"modal-obra2-p\" class=\"modal modal-obra\" role=\"dialog\" aria-labelledby=\"titulo-obra2-p\">\n\n  <div class=\"modal-contenido\">\n\n    <button class=\"cerrar\" aria-label=\"Cerrar ventana\">&times;<\/button>\n\n    <div class=\"modal-body\">\n\n      <div class=\"modal-texto\">\n        <h2 id=\"titulo-obra2-p\">ARTE DIGITAL<\/h2>\n\n        <p>\nEl logo de LostConcept ha sido dise\u00f1ado como una representaci\u00f3n directa de la identidad de la marca: creativa, aut\u00e9ntica y fuera de lo convencional. A trav\u00e9s de estas tres figuras, se construye una imagen que conecta con lo urbano, lo actual y lo expresivo.\nCada rostro aporta una personalidad distinta, reflejando la diversidad y el car\u00e1cter que definen la esencia de LostConcept. El dise\u00f1o busca transmitir no solo una est\u00e9tica cuidada, sino tambi\u00e9n una actitud: la de una marca que se posiciona desde la originalidad y la libertad creativa.\n        <\/p>\n      <\/div>\n\n      <img decoding=\"async\" src=\"http:\/\/dissenyweb.gddtec.udl.cat\/2026-web1\/wp-content\/uploads\/sites\/85\/2026\/05\/ChatGPT-Image-18-feb-2026-11_48_12-2-2.png\" alt=\"Imagen de la obra 2\">\n\n    <\/div>\n\n  <\/div>\n<\/div>\n\n<!-- ========================= -->\n<!-- MODAL ARTISTA -->\n<!-- ========================= -->\n<div id=\"modal-artista-p\" class=\"modal modal-artista\" role=\"dialog\" aria-labelledby=\"titulo-artista-p\">\n\n  <div class=\"modal-contenido\">\n\n    <button class=\"cerrar\" aria-label=\"Cerrar ventana\">&times;<\/button>\n\n    <div class=\"modal-body\">\n\n      <div class=\"modal-texto\">\n        <h2 id=\"titulo-artista-p\">Patricia Craciun<\/h2>\n\n        <p>\nPatricia es una creativa enfocada en el dibujo digital y la fotograf\u00eda, combinando ambas disciplinas para construir un estilo visual propio y vers\u00e1til. Su trabajo se mueve entre lo art\u00edstico y lo conceptual, siempre con una mirada cuidada y actual.\nTrabja principalmente con herramientas como Photoshop e Illustrator, que utiliza tanto para ilustraci\u00f3n como para el tratamiento y composici\u00f3n de im\u00e1genes. Adem\u00e1s, mantiene una conexi\u00f3n especial con el dibujo tradicional, donde el trazo a mano le permite explorar una expresi\u00f3n m\u00e1s org\u00e1nica y personal.\n        <\/p>\n\n        <a href=\"https:\/\/patrii13craciun.blog\/\" class=\"btn-portfolio\" target=\"_blank\" rel=\"noopener noreferrer\">\n           Portfolio\n        <\/a>\n      <\/div>\n\n      <img decoding=\"async\" src=\"http:\/\/dissenyweb.gddtec.udl.cat\/2026-web1\/wp-content\/uploads\/sites\/85\/2026\/05\/WhatsApp-Image-2026-03-12-at-13.18.12-1.png\" alt=\"Retrato del artista\">\n\n    <\/div>\n\n  <\/div>\n<\/div>\n\n<!-- ========================= -->\n<!-- MODAL BUSTO (VISOR 3D) -->\n<!-- ========================= -->\n<div id=\"modal-busto-p\" class=\"modal modal-busto\" role=\"dialog\" aria-labelledby=\"titulo-busto-p\">\n\n  <div class=\"modal-contenido modal-3d\">\n\n    <button class=\"cerrar\" aria-label=\"Cerrar ventana\">\u00d7<\/button>\n\n    <div class=\"modal-texto\">\n      <h2 id=\"titulo-busto-p\">VISOR 3D<\/h2>\n    <\/div>\n\n    <div class=\"visor-3d\">\n\n      <!-- ARRIBA -->\n      <button class=\"flecha flecha-arriba\" aria-label=\"Vista superior\">\u25b2<\/button>\n\n      <!-- IZQUIERDA -->\n      <button class=\"flecha flecha-izquierda\" aria-label=\"Vista izquierda\">\u25c0<\/button>\n\n      <!-- IMAGEN -->\n      <img decoding=\"async\" class=\"imagen-3d\" src=\"http:\/\/dissenyweb.gddtec.udl.cat\/2026-web1\/wp-content\/uploads\/sites\/85\/2026\/05\/vista-frontal-1.png\" alt=\"Vista frontal del busto\">\n\n      <!-- DERECHA -->\n      <button class=\"flecha flecha-derecha\" aria-label=\"Vista derecha\">\u25b6<\/button>\n\n      <!-- ABAJO -->\n      <button class=\"flecha flecha-abajo\" aria-label=\"Vista inferior\">\u25bc<\/button>\n\n    <\/div>\n\n  <\/div>\n<\/div>\n","protected":false},"excerpt":{"rendered":"<p>\u21a9 \u2193 Sala P \u2013 Exposici\u00f3n de arte digital \u2715 Mapa del museo HOME &times; RETRATO Un retrato que invita a la contemplaci\u00f3n y la introspecci\u00f3n. La mirada de la figura establece una conexi\u00f3n inmediata con el espectador, mientras los contrastes de color y el trazo visible revelan la sensibilidad del proceso art\u00edstico. La obra [&hellip;]<\/p>\n","protected":false},"author":206,"featured_media":0,"parent":0,"menu_order":0,"comment_status":"closed","ping_status":"closed","template":"","meta":{"_acf_changed":false,"_uag_custom_page_level_css":"","footnotes":""},"class_list":["post-16","page","type-page","status-publish","hentry"],"acf":[],"mb":[],"uagb_featured_image_src":{"full":false,"thumbnail":false,"medium":false,"medium_large":false,"large":false,"1536x1536":false,"2048x2048":false},"uagb_author_info":{"display_name":"2026-web1","author_link":"http:\/\/dissenyweb.gddtec.udl.cat\/2026-web1\/author\/2026-web1\/"},"uagb_comment_info":0,"uagb_excerpt":"\u21a9 \u2193 Sala P \u2013 Exposici\u00f3n de arte digital \u2715 Mapa del museo HOME &times; RETRATO Un retrato que invita a la contemplaci\u00f3n y la introspecci\u00f3n. La mirada de la figura establece una conexi\u00f3n inmediata con el espectador, mientras los contrastes de color y el trazo visible revelan la sensibilidad del proceso art\u00edstico. La obra&hellip;","mfb_rest_fields":["title","uagb_featured_image_src","uagb_author_info","uagb_comment_info","uagb_excerpt"],"_links":{"self":[{"href":"http:\/\/dissenyweb.gddtec.udl.cat\/2026-web1\/wp-json\/wp\/v2\/pages\/16","targetHints":{"allow":["GET"]}}],"collection":[{"href":"http:\/\/dissenyweb.gddtec.udl.cat\/2026-web1\/wp-json\/wp\/v2\/pages"}],"about":[{"href":"http:\/\/dissenyweb.gddtec.udl.cat\/2026-web1\/wp-json\/wp\/v2\/types\/page"}],"author":[{"embeddable":true,"href":"http:\/\/dissenyweb.gddtec.udl.cat\/2026-web1\/wp-json\/wp\/v2\/users\/206"}],"replies":[{"embeddable":true,"href":"http:\/\/dissenyweb.gddtec.udl.cat\/2026-web1\/wp-json\/wp\/v2\/comments?post=16"}],"version-history":[{"count":9,"href":"http:\/\/dissenyweb.gddtec.udl.cat\/2026-web1\/wp-json\/wp\/v2\/pages\/16\/revisions"}],"predecessor-version":[{"id":669,"href":"http:\/\/dissenyweb.gddtec.udl.cat\/2026-web1\/wp-json\/wp\/v2\/pages\/16\/revisions\/669"}],"wp:attachment":[{"href":"http:\/\/dissenyweb.gddtec.udl.cat\/2026-web1\/wp-json\/wp\/v2\/media?parent=16"}],"curies":[{"name":"wp","href":"https:\/\/api.w.org\/{rel}","templated":true}]}}