{"id":302,"date":"2024-06-06T02:22:42","date_gmt":"2024-06-06T00:22:42","guid":{"rendered":"http:\/\/dissenyweb.gddtec.udl.cat\/2024-web10\/?page_id=302"},"modified":"2024-06-06T02:26:06","modified_gmt":"2024-06-06T00:26:06","slug":"josep","status":"publish","type":"page","link":"http:\/\/dissenyweb.gddtec.udl.cat\/2024-web10\/josep\/","title":{"rendered":"JOSEP VALLVERD\u00da"},"content":{"rendered":"\n<p>100 anys d&#8217;art de la m\u00e1 de Josep Vallverd\u00fa, el referent Lleidat\u00e0<\/p>\n","protected":false},"excerpt":{"rendered":"<p>100 anys d&#8217;art de la m\u00e1 de Josep Vallverd\u00fa, el referent Lleidat\u00e0<\/p>\n","protected":false},"author":103,"featured_media":0,"parent":0,"menu_order":0,"comment_status":"closed","ping_status":"closed","template":"page-wide","meta":{"_acf_changed":false,"footnotes":""},"class_list":["post-302","page","type-page","status-publish","hentry"],"acf":[],"mb":[],"mfb_rest_fields":["title"],"_links":{"self":[{"href":"http:\/\/dissenyweb.gddtec.udl.cat\/2024-web10\/wp-json\/wp\/v2\/pages\/302","targetHints":{"allow":["GET"]}}],"collection":[{"href":"http:\/\/dissenyweb.gddtec.udl.cat\/2024-web10\/wp-json\/wp\/v2\/pages"}],"about":[{"href":"http:\/\/dissenyweb.gddtec.udl.cat\/2024-web10\/wp-json\/wp\/v2\/types\/page"}],"author":[{"embeddable":true,"href":"http:\/\/dissenyweb.gddtec.udl.cat\/2024-web10\/wp-json\/wp\/v2\/users\/103"}],"replies":[{"embeddable":true,"href":"http:\/\/dissenyweb.gddtec.udl.cat\/2024-web10\/wp-json\/wp\/v2\/comments?post=302"}],"version-history":[{"count":4,"href":"http:\/\/dissenyweb.gddtec.udl.cat\/2024-web10\/wp-json\/wp\/v2\/pages\/302\/revisions"}],"predecessor-version":[{"id":363,"href":"http:\/\/dissenyweb.gddtec.udl.cat\/2024-web10\/wp-json\/wp\/v2\/pages\/302\/revisions\/363"}],"wp:attachment":[{"href":"http:\/\/dissenyweb.gddtec.udl.cat\/2024-web10\/wp-json\/wp\/v2\/media?parent=302"}],"curies":[{"name":"wp","href":"https:\/\/api.w.org\/{rel}","templated":true}]}}

JOSEP VALLVERDÚ

<p>100 anys d&#8217;art de la má de Josep Vallverdú, el referent Lleidatà</p>
