{"id":378,"date":"2022-05-28T15:14:15","date_gmt":"2022-05-28T15:14:15","guid":{"rendered":"http:\/\/dissenyweb.gddtec.udl.cat\/2022-plit\/?page_id=378"},"modified":"2022-06-01T16:47:46","modified_gmt":"2022-06-01T16:47:46","slug":"genshin-impact","status":"publish","type":"page","link":"http:\/\/dissenyweb.gddtec.udl.cat\/2022-plit\/genshin-impact\/","title":{"rendered":"Genshin Impact"},"content":{"rendered":"\n<div class=\"wp-block-kadence-rowlayout alignfull\"><div id=\"kt-layout-id_584f03-46\" class=\"kt-row-layout-inner kt-row-has-bg kt-layout-id_584f03-46\"><div class=\"kt-row-layout-overlay kt-row-overlay-gradient\"><\/div><div class=\"kt-row-column-wrap kt-has-1-columns kt-gutter-default kt-v-gutter-default kt-row-valign-top kt-row-layout-equal kt-tab-layout-inherit kt-m-colapse-left-to-right kt-mobile-layout-row\">\n<div class=\"wp-block-kadence-column inner-column-1 kadence-column_3df01d-25\"><div class=\"kt-inside-inner-col\">\n<div class=\"wp-block-columns is-layout-flex wp-container-core-columns-is-layout-d0b3c9c8 wp-block-columns-is-layout-flex\">\n<div class=\"wp-block-column is-layout-flow wp-block-column-is-layout-flow\">\n<figure class=\"wp-block-image size-full is-style-default\" style=\"border-radius:20px\"><img loading=\"lazy\" decoding=\"async\" width=\"735\" height=\"490\" src=\"http:\/\/dissenyweb.gddtec.udl.cat\/2022-plit\/wp-content\/uploads\/sites\/10\/2022\/05\/genshin-impact.jpg\" alt=\"Genshin Impact\" class=\"wp-image-386\" srcset=\"http:\/\/dissenyweb.gddtec.udl.cat\/2022-plit\/wp-content\/uploads\/sites\/10\/2022\/05\/genshin-impact.jpg 735w, http:\/\/dissenyweb.gddtec.udl.cat\/2022-plit\/wp-content\/uploads\/sites\/10\/2022\/05\/genshin-impact-300x200.jpg 300w\" sizes=\"auto, (max-width: 735px) 100vw, 735px\" \/><\/figure>\n<\/div>\n\n\n\n<div class=\"wp-block-column is-layout-flow wp-block-column-is-layout-flow\">\n<div class=\"wp-block-cover has-custom-content-position is-position-top-center is-style-tw-rounded-corners\" style=\"padding-top:20px;padding-right:20px;padding-bottom:20px;padding-left:20px;min-height:70px;aspect-ratio:unset;\"><span aria-hidden=\"true\" class=\"has-background-dim-20 wp-block-cover__gradient-background has-background-dim\" style=\"background-color:#353842\"><\/span><div class=\"wp-block-cover__inner-container is-layout-flow wp-block-cover-is-layout-flow\">\n<h5 class=\"kt-adv-heading_b77c17-2b wp-block-kadence-advancedheading\" data-kb-block=\"kb-adv-heading_b77c17-2b\">Genshin impact<\/h5>\n\n\n\n<p class=\"has-text-align-center has-background has-medium-font-size\" style=\"background-color:#353842\"><strong>En Stock | Descarga Digital<\/strong><\/p>\n\n\n<div style=\"gap: 20px;\" class=\"align-button-center ub-buttons orientation-button-row ub-flex-wrap wp-block-ub-button\" id=\"ub-button-4348e0ac-2328-4e81-9dd9-b787e4f23cce\"><div class=\"ub-button-container\">\n\t\t\t<a href=\"http:\/\/dissenyweb.gddtec.udl.cat\/2022-plit\/639-2\/\" target=\"_blank\" rel=\"noopener noreferrer nofollow\" class=\"ub-button-block-main   ub-button-flex\" role=\"button\" style=\"--ub-button-background-color: #df2adf; --ub-button-color: #ffffff; --ub-button-border: none; --ub-button-hover-background-color: #df5adf; --ub-button-hover-color: #ffffff; --ub-button-hover-border: none; padding-top: 10px; padding-right: 10px; padding-bottom: 10px; padding-left: 10px; border-radius: 10px; \">\n\t\t\t\t<div class=\"ub-button-content-holder\" style=\"flex-direction: row\">\n\t\t\t\t\t<span class=\"ub-button-block-btn\">Descaga Gratuita<\/span>\n\t\t\t\t<\/div>\n\t\t\t<\/a>\n\t\t<\/div><div class=\"ub-button-container\">\n\t\t\t<a href=\"\" target=\"_blank\" rel=\"noopener noreferrer nofollow\" class=\"ub-button-block-main   ub-button-flex\" role=\"button\" style=\"--ub-button-background-color: #961f96; --ub-button-color: #ffffff; --ub-button-border: none; --ub-button-hover-background-color: #6d1d1d; --ub-button-hover-color: #ffffff; --ub-button-hover-border: none; padding-top: 10px; padding-right: 10px; padding-bottom: 10px; padding-left: 10px; border-radius: 10px; \">\n\t\t\t\t<div class=\"ub-button-content-holder\" style=\"flex-direction: row\">\n\t\t\t\t\t<span class=\"ub-button-block-btn\">FAV<\/span>\n\t\t\t\t<\/div>\n\t\t\t<\/a>\n\t\t<\/div><\/div>\n\n\n<div class=\"wp-block-columns is-layout-flex wp-container-core-columns-is-layout-d0b3c9c8 wp-block-columns-is-layout-flex\">\n<div class=\"wp-block-column is-layout-flow wp-block-column-is-layout-flow\" style=\"--col-width:100%;flex-basis:100%\">\n<div class=\"wp-block-columns is-layout-flex wp-container-core-columns-is-layout-d0b3c9c8 wp-block-columns-is-layout-flex\">\n<div class=\"wp-block-column is-layout-flow wp-block-column-is-layout-flow\"><\/div>\n<\/div>\n<\/div>\n<\/div>\n<\/div><\/div>\n<\/div>\n<\/div>\n<\/div><\/div>\n<\/div><div class=\"kt-row-layout-bottom-sep kt-row-sep-type-ct\"><svg style=\"fill:#ffffff\" viewbox=\"0 0 1000 100\" preserveaspectratio=\"none\"><path d=\"M1000,0l-500,98l-500,-98l0,100l1000,0l0,-100Z\"><\/path><\/svg><\/div><\/div><\/div>\n\n\n\n<div class=\"wp-block-columns is-layout-flex wp-container-core-columns-is-layout-d0b3c9c8 wp-block-columns-is-layout-flex\">\n<div class=\"wp-block-column is-layout-flow wp-block-column-is-layout-flow\">\n<div class=\"wp-block-columns is-layout-flex wp-container-core-columns-is-layout-d0b3c9c8 wp-block-columns-is-layout-flex\">\n<div class=\"wp-block-column is-layout-flow wp-block-column-is-layout-flow\" style=\"--col-width:66.66%;flex-basis:66.66%\">\n<div class=\"wp-block-columns is-layout-flex wp-container-core-columns-is-layout-d0b3c9c8 wp-block-columns-is-layout-flex\">\n<div class=\"wp-block-column is-layout-flow wp-block-column-is-layout-flow\">\n<p class=\"has-text-color\" style=\"color:#949395\">G\u00e9neros<\/p>\n\n\n\n<p>Rol, Mundo abierto, Aventura<\/p>\n<\/div>\n\n\n\n<div class=\"wp-block-column is-layout-flow wp-block-column-is-layout-flow\">\n<p class=\"has-text-color\" style=\"color:#949395\">Caracter\u00edsticas<\/p>\n\n\n\n<p>Multijugador<\/p>\n<\/div>\n<\/div>\n\n\n\n<p>Comienza tu traves\u00eda en Teyvat para buscar a tu familiar perdido y encontrar respuestas sobre los dioses elementales. Explora cada rinc\u00f3n de este mundo maravilloso, une fuerzas con un amplio repertorio de personajes, y revela los muchos misterios ocultos\u2026<\/p>\n<\/div>\n\n\n\n<div class=\"wp-block-column is-layout-flow wp-block-column-is-layout-flow\" style=\"--col-width:33.33%;flex-basis:33.33%\">\n<p class=\"has-text-color\" style=\"color:#949395\"><strong>Fecha de lanzamiento:<\/strong> <\/p>\n\n\n\n<p>9 junio 2021<\/p>\n\n\n\n<p class=\"has-text-color\" style=\"color:#949395\"><strong>Desarrolladora<\/strong>:<\/p>\n\n\n\n<p>COGNOSPHERE PTE. LTD.<\/p>\n\n\n\n<p class=\"has-text-color\" style=\"color:#949395\">Editora:<\/p>\n\n\n\n<p>COGNOSPHERE PTE. LTD.<\/p>\n\n\n\n<p class=\"has-text-color\" style=\"color:#949395\">Plataforma:<\/p>\n\n\n\n<p>PC, PlayStation, Xbox<\/p>\n\n\n\n<p class=\"has-text-color\" style=\"color:#949395\">Actualizado:<\/p>\n\n\n\n<p>18 marzo 2022<\/p>\n\n\n\n<p class=\"has-text-color\" style=\"color:#949395\">Instalaciones:<\/p>\n\n\n\n<p>50,000,000+<\/p>\n<\/div>\n<\/div>\n<\/div>\n<\/div>\n\n\n\n<h4 class=\"kt-adv-heading_e429ab-ad wp-block-kadence-advancedheading\" data-kb-block=\"kb-adv-heading_e429ab-ad\"><strong>Especificaciones<\/strong><\/h4>\n\n\n\n<div class=\"wp-block-cover is-style-tw-rounded-corners\"><span aria-hidden=\"true\" class=\"has-background-dim-100 wp-block-cover__gradient-background has-background-dim\" style=\"background-color:#0f0d15\"><\/span><div class=\"wp-block-cover__inner-container is-layout-flow wp-block-cover-is-layout-flow\">\n<div class=\"wp-block-columns is-layout-flex wp-container-core-columns-is-layout-d0b3c9c8 wp-block-columns-is-layout-flex\">\n<div class=\"wp-block-column is-layout-flow wp-block-column-is-layout-flow\">\n<p>M\u00ednimos<\/p>\n\n\n\n<p class=\"has-text-color\" style=\"color:#919192\">Sistema operativo<\/p>\n\n\n\n<p>Windows 7 SP1 de 64 bits, Windows 8.1 de 64 bits o Windows 10 de 64 bits (las versiones dev de Windows 10 no son compatibles por el momento)<\/p>\n\n\n\n<p class=\"has-text-color\" style=\"color:#919192\">Procesador<\/p>\n\n\n\n<p>Intel Core i5 o equivalente<\/p>\n\n\n\n<p class=\"has-text-color\" style=\"color:#919192\">Memoria<\/p>\n\n\n\n<p>8 GB RAM<\/p>\n\n\n\n<p class=\"has-text-color\" style=\"color:#919192\">Almacenamiento<\/p>\n\n\n\n<p>30 GB<\/p>\n\n\n\n<p class=\"has-text-color\" style=\"color:#919192\">DirectX<\/p>\n\n\n\n<p>11<\/p>\n\n\n\n<p class=\"has-text-color\" style=\"color:#919192\">DireTarjeta gr\u00e1ficactX<\/p>\n\n\n\n<p>NVIDIA\u00ae GeForce\u00ae GT 1030 o superior<\/p>\n<\/div>\n\n\n\n<div class=\"wp-block-column is-layout-flow wp-block-column-is-layout-flow\">\n<p>Recomendado<\/p>\n\n\n\n<p class=\"has-text-color\" style=\"color:#919192\">Sistema operativo<\/p>\n\n\n\n<p>Windows 7 SP1 de 64 bits, Windows 8.1 de 64 bits o Windows 10 de 64 bits (las versiones dev de Windows 10 no son compatibles por el momento)<\/p>\n\n\n\n<p class=\"has-text-color\" style=\"color:#919192\">Procesador<\/p>\n\n\n\n<p>Intel Core i7 o equivalente<\/p>\n\n\n\n<p class=\"has-text-color\" style=\"color:#919192\">Memoria<\/p>\n\n\n\n<p>16 GB RAM<\/p>\n\n\n\n<p class=\"has-text-color\" style=\"color:#919192\">Almacenamiento<\/p>\n\n\n\n<p>30 GB<\/p>\n\n\n\n<p class=\"has-text-color\" style=\"color:#919192\">DirectX<\/p>\n\n\n\n<p>11<\/p>\n\n\n\n<p class=\"has-text-color\" style=\"color:#919192\">DireTarjeta gr\u00e1ficactX<\/p>\n\n\n\n<p>NVIDIA\u00ae GeForce\u00ae GTX 1060 6 GB o superior<\/p>\n<\/div>\n<\/div>\n\n\n\n<p class=\"has-text-color\" style=\"color:#919192\">Idiomas disponibles<\/p>\n\n\n\n<p>Voces: chino simplificado, ingl\u00e9s, coreano, japon\u00e9s<br>Texto: chino simplificado, chino tradicional, ingl\u00e9s, franc\u00e9s, alem\u00e1n, japon\u00e9s, coreano, portugu\u00e9s, portugu\u00e9s (Brasil), ruso, espa\u00f1ol (Espa\u00f1a), espa\u00f1ol (Latinoam\u00e9rica), tailand\u00e9s, vietnamita<\/p>\n<\/div><\/div>\n\n\n\n<h4 class=\"kt-adv-heading_843ba2-d5 wp-block-kadence-advancedheading\" data-kb-block=\"kb-adv-heading_843ba2-d5\"><strong>Visuales<\/strong><\/h4>\n\n\n\n<figure class=\"wp-block-gallery has-nested-images columns-default is-cropped wp-block-gallery-1 is-layout-flex wp-block-gallery-is-layout-flex\">\n<figure class=\"wp-block-image size-large\" style=\"border-radius:20px\"><img loading=\"lazy\" decoding=\"async\" width=\"1920\" height=\"1080\" data-id=\"438\" src=\"http:\/\/dissenyweb.gddtec.udl.cat\/2022-plit\/wp-content\/uploads\/sites\/10\/2022\/05\/genshin-inazuma.jpg\" alt=\"Palacio Shogun Raiden\" class=\"wp-image-438\" srcset=\"http:\/\/dissenyweb.gddtec.udl.cat\/2022-plit\/wp-content\/uploads\/sites\/10\/2022\/05\/genshin-inazuma.jpg 1920w, http:\/\/dissenyweb.gddtec.udl.cat\/2022-plit\/wp-content\/uploads\/sites\/10\/2022\/05\/genshin-inazuma-300x169.jpg 300w, http:\/\/dissenyweb.gddtec.udl.cat\/2022-plit\/wp-content\/uploads\/sites\/10\/2022\/05\/genshin-inazuma-1024x576.jpg 1024w, http:\/\/dissenyweb.gddtec.udl.cat\/2022-plit\/wp-content\/uploads\/sites\/10\/2022\/05\/genshin-inazuma-768x432.jpg 768w, http:\/\/dissenyweb.gddtec.udl.cat\/2022-plit\/wp-content\/uploads\/sites\/10\/2022\/05\/genshin-inazuma-1536x864.jpg 1536w\" sizes=\"auto, (max-width: 1920px) 100vw, 1920px\" \/><\/figure>\n<\/figure>\n\n\n\n<div class=\"wp-block-columns is-layout-flex wp-container-core-columns-is-layout-d0b3c9c8 wp-block-columns-is-layout-flex\">\n<div class=\"wp-block-column is-layout-flow wp-block-column-is-layout-flow\">\n<figure class=\"wp-block-image size-large is-style-tw-rounded-corners\" style=\"border-radius:20px\"><img loading=\"lazy\" decoding=\"async\" width=\"1024\" height=\"576\" src=\"http:\/\/dissenyweb.gddtec.udl.cat\/2022-plit\/wp-content\/uploads\/sites\/10\/2022\/05\/d284b31bc7e573f6f7d8694c146be80f-1024x576.jpg\" alt=\"Puente en Liyue\" class=\"wp-image-446\" srcset=\"http:\/\/dissenyweb.gddtec.udl.cat\/2022-plit\/wp-content\/uploads\/sites\/10\/2022\/05\/d284b31bc7e573f6f7d8694c146be80f-1024x576.jpg 1024w, http:\/\/dissenyweb.gddtec.udl.cat\/2022-plit\/wp-content\/uploads\/sites\/10\/2022\/05\/d284b31bc7e573f6f7d8694c146be80f-300x169.jpg 300w, http:\/\/dissenyweb.gddtec.udl.cat\/2022-plit\/wp-content\/uploads\/sites\/10\/2022\/05\/d284b31bc7e573f6f7d8694c146be80f-768x432.jpg 768w, http:\/\/dissenyweb.gddtec.udl.cat\/2022-plit\/wp-content\/uploads\/sites\/10\/2022\/05\/d284b31bc7e573f6f7d8694c146be80f-1536x864.jpg 1536w, http:\/\/dissenyweb.gddtec.udl.cat\/2022-plit\/wp-content\/uploads\/sites\/10\/2022\/05\/d284b31bc7e573f6f7d8694c146be80f.jpg 1920w\" sizes=\"auto, (max-width: 1024px) 100vw, 1024px\" \/><\/figure>\n<\/div>\n\n\n\n<div class=\"wp-block-column is-layout-flow wp-block-column-is-layout-flow\">\n<figure class=\"wp-block-image size-full\" style=\"border-radius:20px\"><img loading=\"lazy\" decoding=\"async\" width=\"662\" height=\"372\" src=\"http:\/\/dissenyweb.gddtec.udl.cat\/2022-plit\/wp-content\/uploads\/sites\/10\/2022\/05\/662px-GI_027.jpg\" alt=\"Amber disparando\" class=\"wp-image-440\" srcset=\"http:\/\/dissenyweb.gddtec.udl.cat\/2022-plit\/wp-content\/uploads\/sites\/10\/2022\/05\/662px-GI_027.jpg 662w, http:\/\/dissenyweb.gddtec.udl.cat\/2022-plit\/wp-content\/uploads\/sites\/10\/2022\/05\/662px-GI_027-300x169.jpg 300w\" sizes=\"auto, (max-width: 662px) 100vw, 662px\" \/><\/figure>\n<\/div>\n\n\n\n<div class=\"wp-block-column is-layout-flow wp-block-column-is-layout-flow\">\n<figure class=\"wp-block-image size-full\" style=\"border-radius:20px\"><img loading=\"lazy\" decoding=\"async\" width=\"800\" height=\"450\" src=\"http:\/\/dissenyweb.gddtec.udl.cat\/2022-plit\/wp-content\/uploads\/sites\/10\/2022\/05\/HD-wallpaper-video-game-genshin-impact-baal-raiden-shogun-genshin-impact-sangonomiya-kokomi.jpg\" alt=\"Shogun Raiden y Kokomi\" class=\"wp-image-444\" srcset=\"http:\/\/dissenyweb.gddtec.udl.cat\/2022-plit\/wp-content\/uploads\/sites\/10\/2022\/05\/HD-wallpaper-video-game-genshin-impact-baal-raiden-shogun-genshin-impact-sangonomiya-kokomi.jpg 800w, http:\/\/dissenyweb.gddtec.udl.cat\/2022-plit\/wp-content\/uploads\/sites\/10\/2022\/05\/HD-wallpaper-video-game-genshin-impact-baal-raiden-shogun-genshin-impact-sangonomiya-kokomi-300x169.jpg 300w, http:\/\/dissenyweb.gddtec.udl.cat\/2022-plit\/wp-content\/uploads\/sites\/10\/2022\/05\/HD-wallpaper-video-game-genshin-impact-baal-raiden-shogun-genshin-impact-sangonomiya-kokomi-768x432.jpg 768w\" sizes=\"auto, (max-width: 800px) 100vw, 800px\" \/><\/figure>\n<\/div>\n<\/div>\n\n\n\n<h4 class=\"kt-adv-heading_e3c9f3-4f wp-block-kadence-advancedheading\" data-kb-block=\"kb-adv-heading_e3c9f3-4f\"><strong>Rese\u00f1as<\/strong><\/h4>\n\n\n\n<div class=\"wp-block-columns is-layout-flex wp-container-core-columns-is-layout-d0b3c9c8 wp-block-columns-is-layout-flex\">\n<div class=\"wp-block-column is-layout-flow wp-block-column-is-layout-flow\">\n<div class=\"wp-block-cover\"><span aria-hidden=\"true\" class=\"has-background-dim-100 wp-block-cover__gradient-background has-background-dim\" style=\"background-color:#0f0d15\"><\/span><div class=\"wp-block-cover__inner-container is-layout-flow wp-block-cover-is-layout-flow\">\n<p>Informador de juegos<\/p>\n\n\n\n<p class=\"has-text-color\" style=\"color:#919192\">por Daniel Tack<\/p>\n\n\n\n<hr class=\"wp-block-separator\"\/>\n\n\n\n<p>9.3 \/ 10<\/p>\n\n\n\n<p class=\"has-text-color\" style=\"color:#919192\">Es una incre\u00edble mezcla de exploraci\u00f3n, descubrimiento, combate y personalizaci\u00f3n que merece tu atenci\u00f3n, a pesar de la presencia de un modelo de monetizaci\u00f3n depredador.<\/p>\n<\/div><\/div>\n<\/div>\n\n\n\n<div class=\"wp-block-column is-layout-flow wp-block-column-is-layout-flow\">\n<div class=\"wp-block-cover\"><span aria-hidden=\"true\" class=\"has-background-dim-100 wp-block-cover__gradient-background has-background-dim\" style=\"background-color:#0f0d15\"><\/span><div class=\"wp-block-cover__inner-container is-layout-flow wp-block-cover-is-layout-flow\">\n<p>IGN<\/p>\n\n\n\n<p class=\"has-text-color\" style=\"color:#919192\">por Travis Northup<\/p>\n\n\n\n<hr class=\"wp-block-separator\"\/>\n\n\n\n<p>9 \/ 10<\/p>\n\n\n\n<p class=\"has-text-color\" style=\"color:#919192\">Un incre\u00edble mundo abierto y una exploraci\u00f3n adictiva hacen de Genshin Impact una aventura anime<\/p>\n<\/div><\/div>\n<\/div>\n\n\n\n<div class=\"wp-block-column is-layout-flow wp-block-column-is-layout-flow\">\n<div class=\"wp-block-cover\"><span aria-hidden=\"true\" class=\"has-background-dim-100 wp-block-cover__gradient-background has-background-dim\" style=\"background-color:#0f0d15\"><\/span><div class=\"wp-block-cover__inner-container is-layout-flow wp-block-cover-is-layout-flow\">\n<p>PC Gamer<\/p>\n\n\n\n<p class=\"has-text-color\" style=\"color:#919192\">por Steven Messner<\/p>\n\n\n\n<hr class=\"wp-block-separator\"\/>\n\n\n\n<p>8.4\/10<\/p>\n\n\n\n<p class=\"has-text-color\" style=\"color:#919192\">El mundo abierto de Genshin Impact y sus inteligentes combates son fant\u00e1sticos, pero su final se esfuerza demasiado por sacarte dinero.<\/p>\n<\/div><\/div>\n<\/div>\n<\/div>\n\n\n\n<p><\/p>\n","protected":false},"excerpt":{"rendered":"<p>G\u00e9neros Rol, Mundo abierto, Aventura Caracter\u00edsticas Multijugador Comienza tu traves\u00eda en Teyvat para buscar a tu familiar perdido y encontrar respuestas sobre los dioses elementales. Explora cada rinc\u00f3n de este mundo maravilloso, une fuerzas con un amplio repertorio de personajes, y revela los muchos misterios ocultos\u2026 Fecha de lanzamiento: 9 junio 2021 Desarrolladora: COGNOSPHERE PTE. [&hellip;]<\/p>\n","protected":false},"author":29,"featured_media":0,"parent":0,"menu_order":0,"comment_status":"closed","ping_status":"closed","template":"","meta":{"_acf_changed":false,"_uag_custom_page_level_css":"","footnotes":""},"class_list":["post-378","page","type-page","status-publish","hentry"],"acf":[],"mb":[],"featured_image_src":null,"uagb_featured_image_src":{"full":false,"thumbnail":false,"medium":false,"medium_large":false,"large":false,"1536x1536":false,"2048x2048":false},"uagb_author_info":{"display_name":"","author_link":"http:\/\/dissenyweb.gddtec.udl.cat\/2022-plit\/author\/"},"uagb_comment_info":0,"uagb_excerpt":"G\u00e9neros Rol, Mundo abierto, Aventura Caracter\u00edsticas Multijugador Comienza tu traves\u00eda en Teyvat para buscar a tu familiar perdido y encontrar respuestas sobre los dioses elementales. Explora cada rinc\u00f3n de este mundo maravilloso, une fuerzas con un amplio repertorio de personajes, y revela los muchos misterios ocultos\u2026 Fecha de lanzamiento: 9 junio 2021 Desarrolladora: COGNOSPHERE PTE.&hellip;","mfb_rest_fields":["title","featured_image_src","uagb_featured_image_src","uagb_author_info","uagb_comment_info","uagb_excerpt"],"_links":{"self":[{"href":"http:\/\/dissenyweb.gddtec.udl.cat\/2022-plit\/wp-json\/wp\/v2\/pages\/378","targetHints":{"allow":["GET"]}}],"collection":[{"href":"http:\/\/dissenyweb.gddtec.udl.cat\/2022-plit\/wp-json\/wp\/v2\/pages"}],"about":[{"href":"http:\/\/dissenyweb.gddtec.udl.cat\/2022-plit\/wp-json\/wp\/v2\/types\/page"}],"author":[{"embeddable":true,"href":"http:\/\/dissenyweb.gddtec.udl.cat\/2022-plit\/wp-json\/wp\/v2\/users\/29"}],"replies":[{"embeddable":true,"href":"http:\/\/dissenyweb.gddtec.udl.cat\/2022-plit\/wp-json\/wp\/v2\/comments?post=378"}],"version-history":[{"count":10,"href":"http:\/\/dissenyweb.gddtec.udl.cat\/2022-plit\/wp-json\/wp\/v2\/pages\/378\/revisions"}],"predecessor-version":[{"id":661,"href":"http:\/\/dissenyweb.gddtec.udl.cat\/2022-plit\/wp-json\/wp\/v2\/pages\/378\/revisions\/661"}],"wp:attachment":[{"href":"http:\/\/dissenyweb.gddtec.udl.cat\/2022-plit\/wp-json\/wp\/v2\/media?parent=378"}],"curies":[{"name":"wp","href":"https:\/\/api.w.org\/{rel}","templated":true}]}}