{"id":291,"date":"2022-05-29T15:35:00","date_gmt":"2022-05-29T15:35:00","guid":{"rendered":"http:\/\/dissenyweb.gddtec.udl.cat\/2022-plit\/?page_id=291"},"modified":"2022-05-29T15:57:14","modified_gmt":"2022-05-29T15:57:14","slug":"reglas-de-la-comunidad","status":"publish","type":"page","link":"http:\/\/dissenyweb.gddtec.udl.cat\/2022-plit\/reglas-de-la-comunidad\/","title":{"rendered":"Reglas de la comunidad"},"content":{"rendered":"\n<p class=\"has-large-font-size\" style=\"text-transform:uppercase\"><strong>Reglas de la comunidad<\/strong><\/p>\n\n\n\n<p class=\"has-small-font-size\">Queremos que Epic Games sea un lugar seguro y divertido donde poder jugar y pasarlo bien con los amigos, y necesitamos vuestra ayuda para que siga siendo as\u00ed.<br><br>Los t\u00e9rminos de servicio de Plit Games y el resto de nuestros acuerdos contienen una serie de reglas aplicables al uso que hac\u00e9is de los servicios de Epic, as\u00ed que muchas de ellas os resultar\u00e1n familiares. Plit Games ofrece muchas formas de interactuar con otras personas a trav\u00e9s de sus juegos, servicios y entornos, as\u00ed que no est\u00e1 de m\u00e1s explicar con m\u00e1s detalle los principios de nuestra comunidad.<br><br>Nuestras reglas de la comunidad se aplican a todos los usuarios de los juegos, servicios y entornos de Plit Games. Estos principios constituyen una gu\u00eda sobre c\u00f3mo se deber\u00eda interactuar con otras personas dentro del ecosistema de Plit Games. Hemos incluido algunos ejemplos a continuaci\u00f3n, pero el hecho de que algo no se haya especificado aqu\u00ed no implica que sea aceptable.<br><br>Cumplir las reglas no es tan dif\u00edcil. Si infring\u00eds alguna de estas normas, podr\u00edamos tomar medidas contra vuestra cuenta, incluida una inhabilitaci\u00f3n permanente en \u00faltimo extremo.<\/p>\n\n\n\n<p class=\"has-medium-font-size\" style=\"text-transform:uppercase\"><strong>Informaci\u00f3n personal<\/strong><\/p>\n\n\n\n<p class=\"has-small-font-size\">No deb\u00e9is en ning\u00fan caso compartir la informaci\u00f3n personal de otras personas, aparte del nombre en pantalla, y os recomendamos encarecidamente que no compart\u00e1is la vuestra. No est\u00e1 permitido compartir ni amenazar con compartir los nombres de otras cuentas del usuario, su ubicaci\u00f3n en el mundo real, su nombre real, etc.<\/p>\n\n\n\n<p style=\"text-transform:uppercase\">I<strong>ntolerancia o contenido discriminatorio<\/strong><\/p>\n\n\n\n<p>Plit no tolera ning\u00fan tipo de conducta de odio o discriminatoria.<br><br>El ecosistema de Epic acoge la diversidad de raza, etnia, color, religi\u00f3n, identidad de g\u00e9nero, orientaci\u00f3n sexual, capacidad, origen nacional u otros grupos. No menospreci\u00e9is, margin\u00e9is, utilic\u00e9is lenguaje de odio ni denigr\u00e9is a otros usuarios o grupos.<\/p>\n\n\n\n<p style=\"text-transform:uppercase\"><strong>Acoso<\/strong><\/p>\n\n\n\n<p class=\"has-small-font-size\">Respetad a los dem\u00e1s cuando est\u00e9is chateando, jugando o creando. Interactuar con otros jugadores de manera insultante, amenazante, intimidante, indecente, humillante, despectiva o abusiva o invadir la privacidad de otros va contra las reglas.<br><br>Hacer que otros se sientan mal para sentiros mejor vosotros mismos no es correcto. \u00a1Es mucho m\u00e1s f\u00e1cil y divertido disfrutar de la experiencia juntos!<\/p>\n\n\n\n<p style=\"text-transform:uppercase\"><strong>Suplantaci\u00f3n<\/strong><\/p>\n\n\n\n<p class=\"has-small-font-size\">No suplant\u00e9is la identidad de otros jugadores, streamers, famosos, funcionarios del gobierno, empleados de Plit Games o de cualquier otra persona. Y no os atribuy\u00e1is las creaciones de otros jugadores o entidades. Fingir ser otra persona con el objetivo de enga\u00f1ar a otros no est\u00e1 bien.<\/p>\n\n\n\n<p style=\"text-transform:uppercase\"><strong>Hacer trampas y \u00abtrolear\u00bb<\/strong><\/p>\n\n\n\n<p class=\"has-small-font-size\">Jugad limpio y seguid las reglas del juego. No hag\u00e1is trampas, no perjudiqu\u00e9is intencionadamente, no os ali\u00e9is ni abus\u00e9is de los errores o problemas t\u00e9cnicos. No promov\u00e1is o anunci\u00e9is el uso de trampas, ni el mal uso de errores o posibles fallos del juego. \u00bfHab\u00e9is encontrado un fallo en el juego?<\/p>\n\n\n\n<p style=\"text-transform:uppercase\"><strong>Actividades ilegales o peligrosas<\/strong><\/p>\n\n\n\n<p class=\"has-small-font-size\">No particip\u00e9is ni promov\u00e1is actividades peligrosas o ilegales en la comunidad, como las apuestas, el consumo ilegal de drogas, el fraude electr\u00f3nico, el tr\u00e1fico de personas, la prostituci\u00f3n, la revelaci\u00f3n de identidad de terceros, las llamadas falsas a las fuerzas del orden ni compart\u00e1is contenido que glorifique o incite a la violencia. Nos tomamos muy en serio las amenazas de hacer da\u00f1o a otros o a vosotros mismos. No lo hag\u00e1is, aunque sea una broma.<\/p>\n\n\n\n<p style=\"text-transform:uppercase\"><strong>Estafas y pr\u00e1cticas fraudulentas<\/strong><\/p>\n\n\n\n<p class=\"has-small-font-size\">No os aprovech\u00e9is de otros jugadores. Las estafas y pr\u00e1cticas fraudulentas de cualquier tipo est\u00e1n terminantemente prohibidas, incluidos los intentos para sustraer informaci\u00f3n sobre cuentas de otros jugadores y la compraventa de cuentas o de informaci\u00f3n personal.<\/p>\n\n\n\n<p style=\"text-transform:uppercase\"><strong>Contenido inapropiado<\/strong><\/p>\n\n\n\n<p class=\"has-small-font-size\">El contenido, las comunicaciones y las actividades del ecosistema de Plit no deber\u00edan impedir a otros usuarios disfrutar de una experiencia positiva. Todo el contenido debe cumplir las reglas de creaci\u00f3n de contenido.<\/p>\n\n\n\n<p style=\"text-transform:uppercase\"><strong>Consecuencias<\/strong><\/p>\n\n\n\n<p class=\"has-small-font-size\">Dependiendo del caso, determinaremos qu\u00e9 tipo de medidas tomamos ante la infracci\u00f3n de alguna de estas reglas. Tendremos en cuenta la gravedad de la infracci\u00f3n, si lo hab\u00e9is hecho m\u00e1s de una vez y otros factores. Las medidas que tomemos pueden ir desde un aviso, en el caso de infracciones menos serias, hasta la inhabilitaci\u00f3n permanente de la cuenta en \u00faltimo extremo.<br><br>Si inhabilitamos de forma permanente una cuenta, el propietario de esta perder\u00e1 todos sus derechos en los juegos, sus objetos virtuales, el saldo de la cuenta y otros objetos que haya podido conseguir o comprar. Si ten\u00e9is m\u00faltiples cuentas, podr\u00edamos tomar acciones contra todas ellas.<\/p>\n\n\n\n<p style=\"text-transform:uppercase\"><strong>Denunciar a jugadores<\/strong><\/p>\n\n\n\n<p class=\"has-small-font-size\">Todos formamos parte de esta comunidad, y de todos depende hacer de ella un lugar agradable, divertido y libre de elementos negativos.<br><br>Si descubr\u00eds que un jugador no respeta las reglas de la comunidad, las reglas de creaci\u00f3n de contenido o a otros jugadores, pod\u00e9is denunciarlo a trav\u00e9s de la herramienta de denuncia\/comentarios del juego. Tomaremos medidas contra los jugadores que no sigan las reglas de la comunidad, y estas acciones ser\u00e1n m\u00e1s o menos severas dependiendo de la gravedad de la infracci\u00f3n.<br><br>Si os encontr\u00e1is con alguien que no os cae bien, pero no infringe las reglas de la comunidad, pod\u00e9is bloquear a esa persona.<\/p>\n\n\n\n<p style=\"text-transform:uppercase\"><strong>Seguridad y protecci\u00f3n<\/strong><\/p>\n\n\n\n<p class=\"has-small-font-size\">Mantened la informaci\u00f3n de la cuenta segura y no la compart\u00e1is. Al dar acceso a la cuenta, la est\u00e1is poniendo en peligro. Si algo os parece sospechoso o demasiado bonito para ser verdad, seguramente est\u00e9is en lo cierto. Los paVos gratis no existen. No compart\u00e1is informaci\u00f3n de vuestra cuenta ni de cuentas ajenas.<br><br>En lo que respecta a la seguridad dentro del ecosistema de Plit Games, nos comprometemos a poner todas las herramientas necesarias a vuestra disposici\u00f3n. En nuestra secci\u00f3n de preguntas frecuentes ten\u00e9is informaci\u00f3n sobre todo lo que pod\u00e9is hacer para protegeros y todo lo que hacemos por vuestra seguridad.<br><br>Si quer\u00e9is saber m\u00e1s sobre el control parental y sobre c\u00f3mo pod\u00e9is controlar el tiempo de juego o las interacciones de vuestros hijos en los juegos de Plit Games, visitad la secci\u00f3n \u00abControl parental\u00bb en los ajustes generales de la cuenta.<\/p>\n\n\n\n<div class=\"wp-block-kadence-spacer alignnone kt-block-spacer-_f0bc9f-93\"><div class=\"kt-block-spacer kt-block-spacer-halign-center\"><hr class=\"kt-divider\"\/><\/div><\/div>\n\n\n\n<p>Las reglas de la comunidad de Epic no son definitivas y pueden cambiar con el tiempo, as\u00ed que aseguraos de consultarlas de vez en cuando para estar al tanto. La excusa de \u00abes que no lo sab\u00eda\u00bb no es v\u00e1lida.<br><br>\u00a1Estamos aqu\u00ed para divertirnos, crear y disfrutar de juegos geniales!<br><br>Gracias por formar parte de la comunidad de Epic y por ayudar a que esta sea un lugar seguro y divertido para todo el mundo.<\/p>\n","protected":false},"excerpt":{"rendered":"<p>Reglas de la comunidad Queremos que Epic Games sea un lugar seguro y divertido donde poder jugar y pasarlo bien con los amigos, y necesitamos vuestra ayuda para que siga siendo as\u00ed. Los t\u00e9rminos de servicio de Plit Games y el resto de nuestros acuerdos contienen una serie de reglas aplicables al uso que hac\u00e9is [&hellip;]<\/p>\n","protected":false},"author":11,"featured_media":0,"parent":0,"menu_order":0,"comment_status":"closed","ping_status":"closed","template":"","meta":{"_acf_changed":false,"_uag_custom_page_level_css":"","footnotes":""},"class_list":["post-291","page","type-page","status-publish","hentry"],"acf":[],"mb":[],"featured_image_src":null,"uagb_featured_image_src":{"full":false,"thumbnail":false,"medium":false,"medium_large":false,"large":false,"1536x1536":false,"2048x2048":false},"uagb_author_info":{"display_name":"","author_link":"http:\/\/dissenyweb.gddtec.udl.cat\/2022-plit\/author\/"},"uagb_comment_info":0,"uagb_excerpt":"Reglas de la comunidad Queremos que Epic Games sea un lugar seguro y divertido donde poder jugar y pasarlo bien con los amigos, y necesitamos vuestra ayuda para que siga siendo as\u00ed. Los t\u00e9rminos de servicio de Plit Games y el resto de nuestros acuerdos contienen una serie de reglas aplicables al uso que hac\u00e9is&hellip;","mfb_rest_fields":["title","featured_image_src","uagb_featured_image_src","uagb_author_info","uagb_comment_info","uagb_excerpt"],"_links":{"self":[{"href":"http:\/\/dissenyweb.gddtec.udl.cat\/2022-plit\/wp-json\/wp\/v2\/pages\/291","targetHints":{"allow":["GET"]}}],"collection":[{"href":"http:\/\/dissenyweb.gddtec.udl.cat\/2022-plit\/wp-json\/wp\/v2\/pages"}],"about":[{"href":"http:\/\/dissenyweb.gddtec.udl.cat\/2022-plit\/wp-json\/wp\/v2\/types\/page"}],"author":[{"embeddable":true,"href":"http:\/\/dissenyweb.gddtec.udl.cat\/2022-plit\/wp-json\/wp\/v2\/users\/11"}],"replies":[{"embeddable":true,"href":"http:\/\/dissenyweb.gddtec.udl.cat\/2022-plit\/wp-json\/wp\/v2\/comments?post=291"}],"version-history":[{"count":4,"href":"http:\/\/dissenyweb.gddtec.udl.cat\/2022-plit\/wp-json\/wp\/v2\/pages\/291\/revisions"}],"predecessor-version":[{"id":417,"href":"http:\/\/dissenyweb.gddtec.udl.cat\/2022-plit\/wp-json\/wp\/v2\/pages\/291\/revisions\/417"}],"wp:attachment":[{"href":"http:\/\/dissenyweb.gddtec.udl.cat\/2022-plit\/wp-json\/wp\/v2\/media?parent=291"}],"curies":[{"name":"wp","href":"https:\/\/api.w.org\/{rel}","templated":true}]}}