{"id":28,"date":"2022-05-28T16:54:17","date_gmt":"2022-05-28T16:54:17","guid":{"rendered":"http:\/\/dissenyweb.gddtec.udl.cat\/2022-iaestelleida\/?page_id=28"},"modified":"2022-06-02T17:56:00","modified_gmt":"2022-06-02T16:56:00","slug":"incommings","status":"publish","type":"page","link":"http:\/\/dissenyweb.gddtec.udl.cat\/2022-iaestelleida\/incommings\/","title":{"rendered":"INCOMMINGS"},"content":{"rendered":"\n<div style=\"height:10px\" aria-hidden=\"true\" class=\"wp-block-spacer\"><\/div>\n\n\n\n<h3 class=\"has-text-align-center wp-block-heading\">La Ciutat<\/h3>\n\n\n\n<p>Lleida \u00e9s la capital de la comarca del Segri\u00e0 i de la prov\u00edncia amb el seu mateix nom. Aquesta ciutat es tracta del nucli poblacional i econ\u00f2mic m\u00e9s important de l&#8217;interior de Catalunya. La seva economia est\u00e0 basada principalment en el sector agroalimentari i tota mena de serveis. La ciutat es troba bastant propera a Barcelona (1 hora i 52 minuts), la qual \u00e9s tamb\u00e9 una incre\u00efble ciutat per visitar i gaudir.<\/p>\n\n\n\n<div style=\"height:32px\" aria-hidden=\"true\" class=\"wp-block-spacer\"><\/div>\n\n\n\n<div class=\"wp-block-group alignfull has-background-color has-primary-background-color has-text-color has-background is-layout-constrained wp-block-group-is-layout-constrained\">\n<h3 class=\"has-text-align-center wp-block-heading\">Preparat perqu\u00e8 ho passarem genial!<\/h3>\n\n\n\n<div class=\"wp-block-columns alignwide are-vertically-aligned-center is-layout-flex wp-container-core-columns-is-layout-d0b3c9c8 wp-block-columns-is-layout-flex\">\n<div class=\"wp-block-column is-vertically-aligned-center is-layout-flow wp-block-column-is-layout-flow\" style=\"--col-width:55%;flex-basis:55%\">\n<p>Tot est\u00e0 ja preparat perqu\u00e8 passeu una bona estan\u00e7a a Lleida, plena de diversi\u00f3, activitats, zones esportives i una gran vida nocturna amb multitud de pubs i discoteques.<\/p>\n\n\n\n<p>Junts visitarem espl\u00e8ndids edificis monumentals, com&nbsp; la Seu Vella; la icona de Lleida, i museus, teatres, cinemes, concerts&#8230;<\/p>\n\n\n\n<p>A m\u00e9s, Lleida compta amb grandiosos espais naturals com el parc natural de la Mitjana; un ecosistema de gran valor natural i ecol\u00f2gic; el parc del riu Segre o els Camps Elisis.<\/p>\n\n\n\n<p>Sobretot, et trobar\u00e0s amb moltes experi\u00e8ncies emocionants a Lleida.<\/p>\n<\/div>\n\n\n\n<div class=\"wp-block-column is-vertically-aligned-center is-layout-flow wp-block-column-is-layout-flow\" style=\"--col-width:45%;flex-basis:45%\">\n<figure class=\"wp-block-image size-full is-resized is-style-tw-rounded-corners\"><img decoding=\"async\" src=\"http:\/\/dissenyweb.gddtec.udl.cat\/2022-iaestelleida\/wp-content\/uploads\/sites\/16\/2022\/05\/WhatsApp-Image-2022-05-04-at-4.22.01-PM.jpeg\" alt=\"Fotograf\u00eda grup d' estudiants IAESTE subjectant una bandera de la organitzaci\u00f3.\" class=\"wp-image-232\" width=\"450\" srcset=\"http:\/\/dissenyweb.gddtec.udl.cat\/2022-iaestelleida\/wp-content\/uploads\/sites\/16\/2022\/05\/WhatsApp-Image-2022-05-04-at-4.22.01-PM.jpeg 768w, http:\/\/dissenyweb.gddtec.udl.cat\/2022-iaestelleida\/wp-content\/uploads\/sites\/16\/2022\/05\/WhatsApp-Image-2022-05-04-at-4.22.01-PM-225x300.jpeg 225w\" sizes=\"(max-width: 768px) 100vw, 768px\" \/><\/figure>\n<\/div>\n<\/div>\n<\/div>\n\n\n\n<div style=\"height:16px\" aria-hidden=\"true\" class=\"wp-block-spacer\"><\/div>\n\n\n\n<h3 class=\"has-text-align-center wp-block-heading\">El Clima<\/h3>\n\n\n\n<div style=\"height:16px\" aria-hidden=\"true\" class=\"wp-block-spacer\"><\/div>\n\n\n\n<p>La ciutat de Lleida, amb el seu clima continental, t\u00e9 temperatures estacionals constants, encara que existeix una gran diferencia entre les seves estacions. La temperatura mitja oscil\u00b7la entre els 30\u00baC a l\u2019estiu, i els 7\u00baC a l\u2019hivern.<\/p>\n\n\n\n<p>Recomanem que porteu roba d\u2019estiu; ja que a Lleida fa molta calor durant els mesos d\u2019estiu. A m\u00e9s, us recomanem que a la resid\u00e8ncia, tanqueu les finestres i les persianes durant les hores de m\u00e9s calor, i que les obriu en les hores m\u00e9s fresques, com a la nit.<\/p>\n\n\n\n<div style=\"height:16px\" aria-hidden=\"true\" class=\"wp-block-spacer\"><\/div>\n\n\n\n<h3 class=\"has-text-align-center wp-block-heading\">L&#8217;Idioma<\/h3>\n\n\n\n<div class=\"wp-block-group alignfull is-layout-constrained wp-block-group-is-layout-constrained\">\n<div class=\"wp-block-columns alignwide are-vertically-aligned-center is-layout-flex wp-container-core-columns-is-layout-d0b3c9c8 wp-block-columns-is-layout-flex\">\n<div class=\"wp-block-column is-vertically-aligned-center is-layout-flow wp-block-column-is-layout-flow\" style=\"--col-width:50%;flex-basis:50%\">\n<p>Els dos idiomes que es parlen a Lleida s\u00f3n el castell\u00e0 i el catal\u00e0. Lleida es troba a Catalunya, i, per tant, el catal\u00e0 \u00e9s, \u00e0mpliament parlat, per la gent, per molt que tant castell\u00e0 com catal\u00e0 es parlen indistintament.&nbsp;<\/p>\n\n\n\n<p>A m\u00e9s, no hi ha problema en parlar en castell\u00e0, ja que tothom l\u2019ent\u00e9n, i no tindran problema en respondre en aquest idioma.<\/p>\n\n\n\n<p>Pel que fa a la llengua anglesa, el m\u00e9s habitual, ser\u00e0 trobar joves que la dominin, i que la gent d\u2019edat m\u00e9s avan\u00e7ada no entengui o no es comuniqui en aquesta llengua.<\/p>\n\n\n\n<p>Per ajudar-vos amb l&#8217;idioma, hem incl\u00f2s una breu llista amb vocabulari, perqu\u00e8 pugueu aprendre les paraules m\u00e9s \u00fatils i importants.<\/p>\n<\/div>\n\n\n\n<div class=\"wp-block-column is-vertically-aligned-center is-layout-flow wp-block-column-is-layout-flow\" style=\"--col-width:50%;flex-basis:50%\">\n<figure class=\"wp-block-image size-full is-resized is-style-tw-rounded-corners\"><img loading=\"lazy\" decoding=\"async\" src=\"http:\/\/dissenyweb.gddtec.udl.cat\/2022-iaestelleida\/wp-content\/uploads\/sites\/16\/2022\/05\/WhatsApp-Image-2022-05-04-at-4.19.47-PM-1.jpeg\" alt=\"Grup d'estudiants jugant\" class=\"wp-image-217\" width=\"450\" height=\"582\"\/><\/figure>\n<\/div>\n<\/div>\n<\/div>\n\n\n\n<div style=\"height:16px\" aria-hidden=\"true\" class=\"wp-block-spacer\"><\/div>\n\n\n\n<h3 class=\"has-text-align-center wp-block-heading\">Documents Importants<\/h3>\n\n\n\n<div class=\"wp-block-columns alignwide has-text-align-center is-layout-flex wp-container-core-columns-is-layout-d0b3c9c8 wp-block-columns-is-layout-flex\">\n<div class=\"wp-block-column is-layout-flow wp-block-column-is-layout-flow\">\n<figure class=\"wp-block-image size-full is-style-tw-rounded-corners\"><img loading=\"lazy\" decoding=\"async\" width=\"360\" height=\"270\" src=\"http:\/\/dissenyweb.gddtec.udl.cat\/2022-iaestelleida\/wp-content\/uploads\/sites\/16\/2022\/06\/Donde-ir.jpg\" alt=\"Bloc de documents referents a la gu\u00eda de superviviencia\" class=\"wp-image-541\" srcset=\"http:\/\/dissenyweb.gddtec.udl.cat\/2022-iaestelleida\/wp-content\/uploads\/sites\/16\/2022\/06\/Donde-ir.jpg 360w, http:\/\/dissenyweb.gddtec.udl.cat\/2022-iaestelleida\/wp-content\/uploads\/sites\/16\/2022\/06\/Donde-ir-300x225.jpg 300w\" sizes=\"auto, (max-width: 360px) 100vw, 360px\" \/><\/figure>\n\n\n\n<h4 class=\"has-text-align-center has-small-font-size wp-block-heading\">Survival Guide<\/h4>\n\n\n\n<div class=\"wp-block-buttons is-content-justification-center is-layout-flex wp-container-core-buttons-is-layout-a89b3969 wp-block-buttons-is-layout-flex\">\n<div class=\"wp-block-button\"><a class=\"wp-block-button__link has-secondary-background-color has-background\" href=\"http:\/\/dissenyweb.gddtec.udl.cat\/2022-iaestelleida\/wp-content\/uploads\/sites\/16\/2022\/06\/Incoming-Trainees-Survival-Guide.pdf\" style=\"border-radius:8px\" target=\"_blank\" rel=\"noreferrer noopener\">DESCARREGA<\/a><\/div>\n<\/div>\n<\/div>\n\n\n\n<div class=\"wp-block-column is-layout-flow wp-block-column-is-layout-flow\">\n<figure class=\"wp-block-image size-full is-style-tw-rounded-corners\"><img loading=\"lazy\" decoding=\"async\" width=\"360\" height=\"270\" src=\"http:\/\/dissenyweb.gddtec.udl.cat\/2022-iaestelleida\/wp-content\/uploads\/sites\/16\/2022\/06\/Documento-lupa.png\" alt=\"Imatge d'un document amb una lupa.\" class=\"wp-image-546\" srcset=\"http:\/\/dissenyweb.gddtec.udl.cat\/2022-iaestelleida\/wp-content\/uploads\/sites\/16\/2022\/06\/Documento-lupa.png 360w, http:\/\/dissenyweb.gddtec.udl.cat\/2022-iaestelleida\/wp-content\/uploads\/sites\/16\/2022\/06\/Documento-lupa-300x225.png 300w\" sizes=\"auto, (max-width: 360px) 100vw, 360px\" \/><\/figure>\n\n\n\n<h4 class=\"has-text-align-center has-small-font-size wp-block-heading\">On Anar a Lleida<\/h4>\n\n\n\n<div class=\"wp-block-buttons is-content-justification-center is-layout-flex wp-container-core-buttons-is-layout-a89b3969 wp-block-buttons-is-layout-flex\">\n<div class=\"wp-block-button\"><a class=\"wp-block-button__link has-secondary-background-color has-background\" href=\"http:\/\/dissenyweb.gddtec.udl.cat\/2022-iaestelleida\/wp-content\/uploads\/sites\/16\/2022\/06\/Where-to-go.pdf\" style=\"border-radius:8px\" target=\"_blank\" rel=\"noreferrer noopener\">DESCARREGA<\/a><\/div>\n<\/div>\n<\/div>\n\n\n\n<div class=\"wp-block-column is-layout-flow wp-block-column-is-layout-flow\">\n<figure class=\"wp-block-image size-full is-style-tw-rounded-corners\"><img loading=\"lazy\" decoding=\"async\" width=\"360\" height=\"270\" src=\"http:\/\/dissenyweb.gddtec.udl.cat\/2022-iaestelleida\/wp-content\/uploads\/sites\/16\/2022\/06\/Documento-Oficial.png\" alt=\"Imatge d' un document oficial amb una ploma.\" class=\"wp-image-545\" srcset=\"http:\/\/dissenyweb.gddtec.udl.cat\/2022-iaestelleida\/wp-content\/uploads\/sites\/16\/2022\/06\/Documento-Oficial.png 360w, http:\/\/dissenyweb.gddtec.udl.cat\/2022-iaestelleida\/wp-content\/uploads\/sites\/16\/2022\/06\/Documento-Oficial-300x225.png 300w\" sizes=\"auto, (max-width: 360px) 100vw, 360px\" \/><\/figure>\n\n\n\n<h4 class=\"has-text-align-center has-small-font-size wp-block-heading\">Documents Oficials<\/h4>\n\n\n\n<div class=\"wp-block-buttons is-content-justification-center is-layout-flex wp-container-core-buttons-is-layout-a89b3969 wp-block-buttons-is-layout-flex\">\n<div class=\"wp-block-button\"><a class=\"wp-block-button__link has-secondary-background-color has-background\" href=\"http:\/\/dissenyweb.gddtec.udl.cat\/2022-iaestelleida\/wp-content\/uploads\/sites\/16\/2022\/06\/Incoming-Trainees-Survival-Guide.pdf\" style=\"border-radius:8px\" target=\"_blank\" rel=\"noreferrer noopener\">DESCARREGA<\/a><\/div>\n<\/div>\n<\/div>\n<\/div>\n\n\n\n<div style=\"height:40px\" aria-hidden=\"true\" class=\"wp-block-spacer\"><\/div>\n\n\n\n<div class=\"wp-block-columns alignfull has-text-align-center is-layout-flex wp-container-core-columns-is-layout-d0b3c9c8 wp-block-columns-is-layout-flex\">\n<div class=\"wp-block-column is-layout-flow wp-block-column-is-layout-flow\" style=\"--col-width:100%;flex-basis:100%\">\t\t\t<div \n\t\t\tclass=\"wp-block-uagb-google-map uagb-google-map__wrap uagb-block-a6ffc8de     \"\n\t\t\tstyle=\"\" >\n\t\t\t\t<embed\n\t\t\t\t\tclass=\"uagb-google-map__iframe\"\n\t\t\t\t\ttitle=\"Google Map for \"\n\t\t\t\t\tsrc=\"https:\/\/maps.google.com\/maps?q=C%2F%20Jaume%20II%2C%2069&#038;z=15&#038;hl=ca&#038;t=m&#038;output=embed&#038;iwloc=near\"\n\t\t\t\t\twidth=\"640\"\n\t\t\t\t\theight=\"606\"\n\t\t\t\t\tloading=\"lazy\"\n\t\t\t\t><\/embed>\n\t\t\t<\/div>\n\t\t\t<\/div>\n<\/div>\n","protected":false},"excerpt":{"rendered":"<p>La Ciutat Lleida \u00e9s la capital de la comarca del Segri\u00e0 i de la prov\u00edncia amb el seu mateix nom. Aquesta ciutat es tracta del nucli poblacional i econ\u00f2mic m\u00e9s important de l&#8217;interior de Catalunya. La seva economia est\u00e0 basada principalment en el sector agroalimentari i tota mena de serveis. La ciutat es troba bastant [&hellip;]<\/p>\n","protected":false},"author":48,"featured_media":0,"parent":0,"menu_order":0,"comment_status":"closed","ping_status":"closed","template":"wp-custom-template-incommings","meta":{"_acf_changed":false,"_uag_custom_page_level_css":"","footnotes":""},"class_list":["post-28","page","type-page","status-publish","hentry"],"acf":[],"mb":[],"featured_image_src":null,"uagb_featured_image_src":{"full":false,"thumbnail":false,"medium":false,"medium_large":false,"large":false,"1536x1536":false,"2048x2048":false},"uagb_author_info":{"display_name":"","author_link":"http:\/\/dissenyweb.gddtec.udl.cat\/2022-iaestelleida\/author\/"},"uagb_comment_info":0,"uagb_excerpt":"La Ciutat Lleida \u00e9s la capital de la comarca del Segri\u00e0 i de la prov\u00edncia amb el seu mateix nom. Aquesta ciutat es tracta del nucli poblacional i econ\u00f2mic m\u00e9s important de l&#8217;interior de Catalunya. La seva economia est\u00e0 basada principalment en el sector agroalimentari i tota mena de serveis. La ciutat es troba bastant&hellip;","mfb_rest_fields":["title","featured_image_src","uagb_featured_image_src","uagb_author_info","uagb_comment_info","uagb_excerpt"],"_links":{"self":[{"href":"http:\/\/dissenyweb.gddtec.udl.cat\/2022-iaestelleida\/wp-json\/wp\/v2\/pages\/28","targetHints":{"allow":["GET"]}}],"collection":[{"href":"http:\/\/dissenyweb.gddtec.udl.cat\/2022-iaestelleida\/wp-json\/wp\/v2\/pages"}],"about":[{"href":"http:\/\/dissenyweb.gddtec.udl.cat\/2022-iaestelleida\/wp-json\/wp\/v2\/types\/page"}],"author":[{"embeddable":true,"href":"http:\/\/dissenyweb.gddtec.udl.cat\/2022-iaestelleida\/wp-json\/wp\/v2\/users\/48"}],"replies":[{"embeddable":true,"href":"http:\/\/dissenyweb.gddtec.udl.cat\/2022-iaestelleida\/wp-json\/wp\/v2\/comments?post=28"}],"version-history":[{"count":52,"href":"http:\/\/dissenyweb.gddtec.udl.cat\/2022-iaestelleida\/wp-json\/wp\/v2\/pages\/28\/revisions"}],"predecessor-version":[{"id":940,"href":"http:\/\/dissenyweb.gddtec.udl.cat\/2022-iaestelleida\/wp-json\/wp\/v2\/pages\/28\/revisions\/940"}],"wp:attachment":[{"href":"http:\/\/dissenyweb.gddtec.udl.cat\/2022-iaestelleida\/wp-json\/wp\/v2\/media?parent=28"}],"curies":[{"name":"wp","href":"https:\/\/api.w.org\/{rel}","templated":true}]}}